{"id":55610,"date":"2025-09-24T18:23:51","date_gmt":"2025-09-24T18:23:51","guid":{"rendered":"https:\/\/institutopaolini.mx\/?post_type=product&#038;p=55610"},"modified":"2025-09-24T18:23:51","modified_gmt":"2025-09-24T18:23:51","slug":"curso-de-orientacion-montessori","status":"publish","type":"product","link":"https:\/\/institutopaolini.mx\/index.php\/product\/curso-de-orientacion-montessori\/","title":{"rendered":"Curso de Orientaci\u00f3n Montessori"},"content":{"rendered":"<p>Este curso capacita a adultos para apoyar de manera efectiva a los Gu\u00edas Montessori dentro del Ambiente Preparado. Incluye fundamentos de la filosof\u00eda Montessori, psicolog\u00eda del desarrollo, presentaciones y elaboraci\u00f3n de materiales did\u00e1cticos.<\/p>\n","protected":false},"excerpt":{"rendered":"<p>Certificado AMI de Orientaci\u00f3n Montessori Ni\u00f1os de 3 a 6 a\u00f1os, con validez Internacional.<\/p>\n","protected":false},"featured_media":55425,"comment_status":"open","ping_status":"closed","template":"","meta":[],"product_brand":[],"product_cat":[317],"product_tag":[],"class_list":{"0":"post-55610","1":"product","2":"type-product","3":"status-publish","4":"has-post-thumbnail","6":"product_cat-cursos-y-talleres","7":"description-off","9":"first","10":"instock","11":"shipping-taxable","12":"purchasable","13":"product-type-simple"},"_links":{"self":[{"href":"https:\/\/institutopaolini.mx\/index.php\/wp-json\/wp\/v2\/product\/55610","targetHints":{"allow":["GET"]}}],"collection":[{"href":"https:\/\/institutopaolini.mx\/index.php\/wp-json\/wp\/v2\/product"}],"about":[{"href":"https:\/\/institutopaolini.mx\/index.php\/wp-json\/wp\/v2\/types\/product"}],"replies":[{"embeddable":true,"href":"https:\/\/institutopaolini.mx\/index.php\/wp-json\/wp\/v2\/comments?post=55610"}],"version-history":[{"count":1,"href":"https:\/\/institutopaolini.mx\/index.php\/wp-json\/wp\/v2\/product\/55610\/revisions"}],"predecessor-version":[{"id":55611,"href":"https:\/\/institutopaolini.mx\/index.php\/wp-json\/wp\/v2\/product\/55610\/revisions\/55611"}],"wp:featuredmedia":[{"embeddable":true,"href":"https:\/\/institutopaolini.mx\/index.php\/wp-json\/wp\/v2\/media\/55425"}],"wp:attachment":[{"href":"https:\/\/institutopaolini.mx\/index.php\/wp-json\/wp\/v2\/media?parent=55610"}],"wp:term":[{"taxonomy":"product_brand","embeddable":true,"href":"https:\/\/institutopaolini.mx\/index.php\/wp-json\/wp\/v2\/product_brand?post=55610"},{"taxonomy":"product_cat","embeddable":true,"href":"https:\/\/institutopaolini.mx\/index.php\/wp-json\/wp\/v2\/product_cat?post=55610"},{"taxonomy":"product_tag","embeddable":true,"href":"https:\/\/institutopaolini.mx\/index.php\/wp-json\/wp\/v2\/product_tag?post=55610"}],"curies":[{"name":"wp","href":"https:\/\/api.w.org\/{rel}","templated":true}]}}