{"id":55185,"date":"2025-09-12T04:27:13","date_gmt":"2025-09-12T04:27:13","guid":{"rendered":"https:\/\/paolini.envasesmegaplastic.com\/?page_id=55185"},"modified":"2026-02-17T04:02:10","modified_gmt":"2026-02-17T04:02:10","slug":"educafe","status":"publish","type":"page","link":"https:\/\/institutopaolini.mx\/index.php\/educafe\/","title":{"rendered":"Educaf\u00e9"},"content":{"rendered":"\t\t<div data-elementor-type=\"wp-page\" data-elementor-id=\"55185\" class=\"elementor elementor-55185\" data-elementor-post-type=\"page\">\n\t\t\t\t<div class=\"elementor-element elementor-element-50abba9 elementor-hidden-desktop e-flex e-con-boxed e-con e-parent\" data-id=\"50abba9\" data-element_type=\"container\" data-e-type=\"container\">\n\t\t\t\t\t<div class=\"e-con-inner\">\n\t\t<div class=\"elementor-element elementor-element-94398f8 e-con-full e-flex e-con e-child\" data-id=\"94398f8\" data-element_type=\"container\" data-e-type=\"container\">\n\t\t\t\t<div class=\"elementor-element elementor-element-d288402 elementor-widget elementor-widget-image\" data-id=\"d288402\" data-element_type=\"widget\" data-e-type=\"widget\" data-widget_type=\"image.default\">\n\t\t\t\t\t\t\t\t\t\t\t\t\t\t\t<img fetchpriority=\"high\" decoding=\"async\" width=\"925\" height=\"580\" src=\"https:\/\/institutopaolini.mx\/wp-content\/uploads\/2026\/02\/899ecfb9-ef91-4d4f-b628-73f49b60a646.jpg\" class=\"attachment-large size-large wp-image-56090\" alt=\"\" srcset=\"https:\/\/institutopaolini.mx\/wp-content\/uploads\/2026\/02\/899ecfb9-ef91-4d4f-b628-73f49b60a646.jpg 925w, https:\/\/institutopaolini.mx\/wp-content\/uploads\/2026\/02\/899ecfb9-ef91-4d4f-b628-73f49b60a646-300x188.jpg 300w, https:\/\/institutopaolini.mx\/wp-content\/uploads\/2026\/02\/899ecfb9-ef91-4d4f-b628-73f49b60a646-768x482.jpg 768w\" sizes=\"(max-width: 925px) 100vw, 925px\" \/>\t\t\t\t\t\t\t\t\t\t\t\t\t\t\t<\/div>\n\t\t\t\t<\/div>\n\t\t<div class=\"elementor-element elementor-element-063a868 e-con-full elementor-hidden-desktop elementor-hidden-tablet elementor-hidden-mobile e-flex e-con e-child\" data-id=\"063a868\" data-element_type=\"container\" data-e-type=\"container\">\n\t\t\t\t<\/div>\n\t\t\t\t\t<\/div>\n\t\t\t\t<\/div>\n\t\t<div class=\"elementor-element elementor-element-8c0b5d9 elementor-hidden-tablet elementor-hidden-mobile e-flex e-con-boxed e-con e-parent\" data-id=\"8c0b5d9\" data-element_type=\"container\" data-e-type=\"container\">\n\t\t\t\t\t<div class=\"e-con-inner\">\n\t\t<div class=\"elementor-element elementor-element-0b0efd5 e-con-full e-flex e-con e-child\" data-id=\"0b0efd5\" data-element_type=\"container\" data-e-type=\"container\">\n\t\t\t\t<div class=\"elementor-element elementor-element-d22e62a elementor-widget elementor-widget-image\" data-id=\"d22e62a\" data-element_type=\"widget\" data-e-type=\"widget\" data-widget_type=\"image.default\">\n\t\t\t\t\t\t\t\t\t\t\t\t\t\t\t<img fetchpriority=\"high\" decoding=\"async\" width=\"925\" height=\"580\" src=\"https:\/\/institutopaolini.mx\/wp-content\/uploads\/2026\/02\/899ecfb9-ef91-4d4f-b628-73f49b60a646.jpg\" class=\"attachment-large size-large wp-image-56090\" alt=\"\" srcset=\"https:\/\/institutopaolini.mx\/wp-content\/uploads\/2026\/02\/899ecfb9-ef91-4d4f-b628-73f49b60a646.jpg 925w, https:\/\/institutopaolini.mx\/wp-content\/uploads\/2026\/02\/899ecfb9-ef91-4d4f-b628-73f49b60a646-300x188.jpg 300w, https:\/\/institutopaolini.mx\/wp-content\/uploads\/2026\/02\/899ecfb9-ef91-4d4f-b628-73f49b60a646-768x482.jpg 768w\" sizes=\"(max-width: 925px) 100vw, 925px\" \/>\t\t\t\t\t\t\t\t\t\t\t\t\t\t\t<\/div>\n\t\t\t\t<\/div>\n\t\t<div class=\"elementor-element elementor-element-bda2e2c e-con-full e-flex e-con e-child\" data-id=\"bda2e2c\" data-element_type=\"container\" data-e-type=\"container\">\n\t\t\t\t<\/div>\n\t\t\t\t\t<\/div>\n\t\t\t\t<\/div>\n\t\t<div class=\"elementor-element elementor-element-27239fa elementor-hidden-tablet elementor-hidden-mobile e-flex e-con-boxed e-con e-parent\" data-id=\"27239fa\" data-element_type=\"container\" data-e-type=\"container\">\n\t\t\t\t\t<div class=\"e-con-inner\">\n\t\t<div class=\"elementor-element elementor-element-3d4b796 e-con-full e-flex e-con e-child\" data-id=\"3d4b796\" data-element_type=\"container\" data-e-type=\"container\">\n\t\t\t\t<div class=\"elementor-element elementor-element-d7d97a0 elementor-widget elementor-widget-text-editor\" data-id=\"d7d97a0\" data-element_type=\"widget\" data-e-type=\"widget\" data-widget_type=\"text-editor.default\">\n\t\t\t\t\t\t\t\t\t<p>TALLER<\/p>\t\t\t\t\t\t\t\t<\/div>\n\t\t\t\t<div class=\"elementor-element elementor-element-6f5fa90 elementor-widget elementor-widget-heading\" data-id=\"6f5fa90\" data-element_type=\"widget\" data-e-type=\"widget\" data-widget_type=\"heading.default\">\n\t\t\t\t\t<h2 class=\"elementor-heading-title elementor-size-default\">Educaf\u00e9<\/h2>\t\t\t\t<\/div>\n\t\t\t\t<div class=\"elementor-element elementor-element-5f6bb96 elementor-widget elementor-widget-text-editor\" data-id=\"5f6bb96\" data-element_type=\"widget\" data-e-type=\"widget\" data-widget_type=\"text-editor.default\">\n\t\t\t\t\t\t\t\t\t<p>Costo de $750 MXN<\/p>\t\t\t\t\t\t\t\t<\/div>\n\t\t\t\t<div class=\"elementor-element elementor-element-82c6907 elementor-widget elementor-widget-text-editor\" data-id=\"82c6907\" data-element_type=\"widget\" data-e-type=\"widget\" data-widget_type=\"text-editor.default\">\n\t\t\t\t\t\t\t\t\t<p>El taller puede ser virtual o presencial<\/p><p>12 de febrero 2026<br \/>12 de marzo 2026<br \/>Horario 9:00 a 12:00 horas (hora central M\u00e9xico)<br \/><!-- notionvc: 952ee0c9-a6bf-48aa-8c98-6b78702592ff --><\/p>\t\t\t\t\t\t\t\t<\/div>\n\t\t\t\t<\/div>\n\t\t\t\t\t<\/div>\n\t\t\t\t<\/div>\n\t\t<div class=\"elementor-element elementor-element-19e520a elementor-hidden-desktop e-flex e-con-boxed e-con e-parent\" data-id=\"19e520a\" data-element_type=\"container\" data-e-type=\"container\">\n\t\t\t\t\t<div class=\"e-con-inner\">\n\t\t<div class=\"elementor-element elementor-element-1cb3ede e-con-full e-flex e-con e-child\" data-id=\"1cb3ede\" data-element_type=\"container\" data-e-type=\"container\">\n\t\t\t\t<div class=\"elementor-element elementor-element-7e8854f elementor-widget elementor-widget-text-editor\" data-id=\"7e8854f\" data-element_type=\"widget\" data-e-type=\"widget\" data-widget_type=\"text-editor.default\">\n\t\t\t\t\t\t\t\t\t<p>TALLER<\/p>\t\t\t\t\t\t\t\t<\/div>\n\t\t\t\t<div class=\"elementor-element elementor-element-042efec elementor-widget elementor-widget-heading\" data-id=\"042efec\" data-element_type=\"widget\" data-e-type=\"widget\" data-widget_type=\"heading.default\">\n\t\t\t\t\t<h2 class=\"elementor-heading-title elementor-size-default\">Educaf\u00e9<\/h2>\t\t\t\t<\/div>\n\t\t\t\t<div class=\"elementor-element elementor-element-9c5909d elementor-widget elementor-widget-text-editor\" data-id=\"9c5909d\" data-element_type=\"widget\" data-e-type=\"widget\" data-widget_type=\"text-editor.default\">\n\t\t\t\t\t\t\t\t\t<p>El taller puede ser virtual o presencial<\/p><p>12 de febrero 2026<br \/>12 de marzo 2026<br \/>Horario 9:00 a 12:00 horas (hora central M\u00e9xico)<\/p><p><!-- notionvc: 952ee0c9-a6bf-48aa-8c98-6b78702592ff --><\/p>\t\t\t\t\t\t\t\t<\/div>\n\t\t\t\t<div class=\"elementor-element elementor-element-4a523f8 elementor-widget elementor-widget-text-editor\" data-id=\"4a523f8\" data-element_type=\"widget\" data-e-type=\"widget\" data-widget_type=\"text-editor.default\">\n\t\t\t\t\t\t\t\t\t<p>Costo de $750 MXN<\/p>\t\t\t\t\t\t\t\t<\/div>\n\t\t\t\t<\/div>\n\t\t\t\t\t<\/div>\n\t\t\t\t<\/div>\n\t\t<div class=\"elementor-element elementor-element-0d819e7 elementor-hidden-tablet elementor-hidden-mobile e-flex e-con-boxed e-con e-parent\" data-id=\"0d819e7\" data-element_type=\"container\" data-e-type=\"container\">\n\t\t\t\t\t<div class=\"e-con-inner\">\n\t\t<div class=\"elementor-element elementor-element-954a539 e-con-full e-flex e-con e-child\" data-id=\"954a539\" data-element_type=\"container\" data-e-type=\"container\">\n\t\t\t\t<div class=\"elementor-element elementor-element-05a9db3 elementor-widget elementor-widget-image\" data-id=\"05a9db3\" data-element_type=\"widget\" data-e-type=\"widget\" data-widget_type=\"image.default\">\n\t\t\t\t\t\t\t\t\t\t\t\t\t\t\t<img decoding=\"async\" width=\"102\" height=\"102\" src=\"https:\/\/institutopaolini.mx\/wp-content\/uploads\/2025\/09\/Grupo-1108.png\" class=\"attachment-large size-large wp-image-54928\" alt=\"\" \/>\t\t\t\t\t\t\t\t\t\t\t\t\t\t\t<\/div>\n\t\t\t\t<\/div>\n\t\t<div class=\"elementor-element elementor-element-e1e36ce e-con-full e-flex e-con e-child\" data-id=\"e1e36ce\" data-element_type=\"container\" data-e-type=\"container\">\n\t\t\t\t<div class=\"elementor-element elementor-element-24beaf8 elementor-widget elementor-widget-text-editor\" data-id=\"24beaf8\" data-element_type=\"widget\" data-e-type=\"widget\" data-widget_type=\"text-editor.default\">\n\t\t\t\t\t\t\t\t\t<p>Imparte<\/p>\t\t\t\t\t\t\t\t<\/div>\n\t\t\t\t<div class=\"elementor-element elementor-element-6002034 elementor-widget elementor-widget-text-editor\" data-id=\"6002034\" data-element_type=\"widget\" data-e-type=\"widget\" data-widget_type=\"text-editor.default\">\n\t\t\t\t\t\t\t\t\t<p>Coral Ruiz<\/p>\t\t\t\t\t\t\t\t<\/div>\n\t\t\t\t<\/div>\n\t\t<div class=\"elementor-element elementor-element-f1dae56 e-con-full elementor-hidden-desktop elementor-hidden-tablet elementor-hidden-mobile e-flex e-con e-child\" data-id=\"f1dae56\" data-element_type=\"container\" data-e-type=\"container\">\n\t\t\t\t<div class=\"elementor-element elementor-element-01ad872 elementor-widget elementor-widget-image\" data-id=\"01ad872\" data-element_type=\"widget\" data-e-type=\"widget\" data-widget_type=\"image.default\">\n\t\t\t\t\t\t\t\t\t\t\t\t\t\t\t<img decoding=\"async\" width=\"102\" height=\"102\" src=\"https:\/\/institutopaolini.mx\/wp-content\/uploads\/2025\/09\/Grupo-1109.png\" class=\"attachment-large size-large wp-image-54929\" alt=\"\" \/>\t\t\t\t\t\t\t\t\t\t\t\t\t\t\t<\/div>\n\t\t\t\t<\/div>\n\t\t<div class=\"elementor-element elementor-element-993034d e-con-full elementor-hidden-desktop elementor-hidden-tablet elementor-hidden-mobile e-flex e-con e-child\" data-id=\"993034d\" data-element_type=\"container\" data-e-type=\"container\">\n\t\t\t\t<div class=\"elementor-element elementor-element-fbdc58c elementor-widget elementor-widget-text-editor\" data-id=\"fbdc58c\" data-element_type=\"widget\" data-e-type=\"widget\" data-widget_type=\"text-editor.default\">\n\t\t\t\t\t\t\t\t\t<p>Inicio<\/p>\t\t\t\t\t\t\t\t<\/div>\n\t\t\t\t<div class=\"elementor-element elementor-element-25f6488 elementor-widget elementor-widget-text-editor\" data-id=\"25f6488\" data-element_type=\"widget\" data-e-type=\"widget\" data-widget_type=\"text-editor.default\">\n\t\t\t\t\t\t\t\t\t<p>18 de julio 2025<\/p>\t\t\t\t\t\t\t\t<\/div>\n\t\t\t\t<\/div>\n\t\t<div class=\"elementor-element elementor-element-254211f e-con-full elementor-hidden-desktop elementor-hidden-tablet elementor-hidden-mobile e-flex e-con e-child\" data-id=\"254211f\" data-element_type=\"container\" data-e-type=\"container\">\n\t\t\t\t<div class=\"elementor-element elementor-element-f1d23c7 elementor-widget elementor-widget-image\" data-id=\"f1d23c7\" data-element_type=\"widget\" data-e-type=\"widget\" data-widget_type=\"image.default\">\n\t\t\t\t\t\t\t\t\t\t\t\t\t\t\t<img loading=\"lazy\" decoding=\"async\" width=\"102\" height=\"102\" src=\"https:\/\/institutopaolini.mx\/wp-content\/uploads\/2025\/09\/Grupo-1110.png\" class=\"attachment-large size-large wp-image-54930\" alt=\"\" \/>\t\t\t\t\t\t\t\t\t\t\t\t\t\t\t<\/div>\n\t\t\t\t<\/div>\n\t\t<div class=\"elementor-element elementor-element-3bbe63b e-con-full elementor-hidden-desktop elementor-hidden-tablet elementor-hidden-mobile e-flex e-con e-child\" data-id=\"3bbe63b\" data-element_type=\"container\" data-e-type=\"container\">\n\t\t\t\t<div class=\"elementor-element elementor-element-91a568b elementor-widget elementor-widget-text-editor\" data-id=\"91a568b\" data-element_type=\"widget\" data-e-type=\"widget\" data-widget_type=\"text-editor.default\">\n\t\t\t\t\t\t\t\t\t<p>Inicio<\/p>\t\t\t\t\t\t\t\t<\/div>\n\t\t\t\t<div class=\"elementor-element elementor-element-cc81c0c elementor-widget elementor-widget-text-editor\" data-id=\"cc81c0c\" data-element_type=\"widget\" data-e-type=\"widget\" data-widget_type=\"text-editor.default\">\n\t\t\t\t\t\t\t\t\t<p>19 de julio 2025<\/p>\t\t\t\t\t\t\t\t<\/div>\n\t\t\t\t<\/div>\n\t\t\t\t\t<\/div>\n\t\t\t\t<\/div>\n\t\t<div class=\"elementor-element elementor-element-7c5bf29 elementor-hidden-desktop e-flex e-con-boxed e-con e-parent\" data-id=\"7c5bf29\" data-element_type=\"container\" data-e-type=\"container\">\n\t\t\t\t\t<div class=\"e-con-inner\">\n\t\t<div class=\"elementor-element elementor-element-dc59601 e-con-full e-flex e-con e-child\" data-id=\"dc59601\" data-element_type=\"container\" data-e-type=\"container\">\n\t\t\t\t<div class=\"elementor-element elementor-element-c80a96d elementor-widget elementor-widget-image\" data-id=\"c80a96d\" data-element_type=\"widget\" data-e-type=\"widget\" data-widget_type=\"image.default\">\n\t\t\t\t\t\t\t\t\t\t\t\t\t\t\t<img decoding=\"async\" width=\"102\" height=\"102\" src=\"https:\/\/institutopaolini.mx\/wp-content\/uploads\/2025\/09\/Grupo-1108.png\" class=\"attachment-large size-large wp-image-54928\" alt=\"\" \/>\t\t\t\t\t\t\t\t\t\t\t\t\t\t\t<\/div>\n\t\t\t\t<\/div>\n\t\t<div class=\"elementor-element elementor-element-22dc8c6 e-con-full e-flex e-con e-child\" data-id=\"22dc8c6\" data-element_type=\"container\" data-e-type=\"container\">\n\t\t\t\t<div class=\"elementor-element elementor-element-7e3ded2 elementor-widget elementor-widget-text-editor\" data-id=\"7e3ded2\" data-element_type=\"widget\" data-e-type=\"widget\" data-widget_type=\"text-editor.default\">\n\t\t\t\t\t\t\t\t\t<p>Imparte<\/p>\t\t\t\t\t\t\t\t<\/div>\n\t\t\t\t<div class=\"elementor-element elementor-element-7bed6bd elementor-widget elementor-widget-text-editor\" data-id=\"7bed6bd\" data-element_type=\"widget\" data-e-type=\"widget\" data-widget_type=\"text-editor.default\">\n\t\t\t\t\t\t\t\t\t<p>Coral Ruiz<\/p>\t\t\t\t\t\t\t\t<\/div>\n\t\t\t\t<\/div>\n\t\t<div class=\"elementor-element elementor-element-7bff65b e-con-full elementor-hidden-desktop elementor-hidden-tablet elementor-hidden-mobile e-flex e-con e-child\" data-id=\"7bff65b\" data-element_type=\"container\" data-e-type=\"container\">\n\t\t\t\t<div class=\"elementor-element elementor-element-0dd0321 elementor-widget elementor-widget-image\" data-id=\"0dd0321\" data-element_type=\"widget\" data-e-type=\"widget\" data-widget_type=\"image.default\">\n\t\t\t\t\t\t\t\t\t\t\t\t\t\t\t<img decoding=\"async\" width=\"102\" height=\"102\" src=\"https:\/\/institutopaolini.mx\/wp-content\/uploads\/2025\/09\/Grupo-1109.png\" class=\"attachment-large size-large wp-image-54929\" alt=\"\" \/>\t\t\t\t\t\t\t\t\t\t\t\t\t\t\t<\/div>\n\t\t\t\t<\/div>\n\t\t<div class=\"elementor-element elementor-element-cb6d377 e-con-full elementor-hidden-desktop elementor-hidden-tablet elementor-hidden-mobile e-flex e-con e-child\" data-id=\"cb6d377\" data-element_type=\"container\" data-e-type=\"container\">\n\t\t\t\t<div class=\"elementor-element elementor-element-ce4ae41 elementor-widget elementor-widget-text-editor\" data-id=\"ce4ae41\" data-element_type=\"widget\" data-e-type=\"widget\" data-widget_type=\"text-editor.default\">\n\t\t\t\t\t\t\t\t\t<p>Inicio<\/p>\t\t\t\t\t\t\t\t<\/div>\n\t\t\t\t<div class=\"elementor-element elementor-element-280ea65 elementor-widget elementor-widget-text-editor\" data-id=\"280ea65\" data-element_type=\"widget\" data-e-type=\"widget\" data-widget_type=\"text-editor.default\">\n\t\t\t\t\t\t\t\t\t<p>18 de julio 2025<\/p>\t\t\t\t\t\t\t\t<\/div>\n\t\t\t\t<\/div>\n\t\t<div class=\"elementor-element elementor-element-800e48c e-con-full elementor-hidden-desktop elementor-hidden-tablet elementor-hidden-mobile e-flex e-con e-child\" data-id=\"800e48c\" data-element_type=\"container\" data-e-type=\"container\">\n\t\t\t\t<div class=\"elementor-element elementor-element-b3a7903 elementor-widget elementor-widget-image\" data-id=\"b3a7903\" data-element_type=\"widget\" data-e-type=\"widget\" data-widget_type=\"image.default\">\n\t\t\t\t\t\t\t\t\t\t\t\t\t\t\t<img loading=\"lazy\" decoding=\"async\" width=\"102\" height=\"102\" src=\"https:\/\/institutopaolini.mx\/wp-content\/uploads\/2025\/09\/Grupo-1110.png\" class=\"attachment-large size-large wp-image-54930\" alt=\"\" \/>\t\t\t\t\t\t\t\t\t\t\t\t\t\t\t<\/div>\n\t\t\t\t<\/div>\n\t\t<div class=\"elementor-element elementor-element-5c3ee0d e-con-full elementor-hidden-desktop elementor-hidden-tablet elementor-hidden-mobile e-flex e-con e-child\" data-id=\"5c3ee0d\" data-element_type=\"container\" data-e-type=\"container\">\n\t\t\t\t<div class=\"elementor-element elementor-element-a88e9c8 elementor-widget elementor-widget-text-editor\" data-id=\"a88e9c8\" data-element_type=\"widget\" data-e-type=\"widget\" data-widget_type=\"text-editor.default\">\n\t\t\t\t\t\t\t\t\t<p>Inicio<\/p>\t\t\t\t\t\t\t\t<\/div>\n\t\t\t\t<div class=\"elementor-element elementor-element-7965271 elementor-widget elementor-widget-text-editor\" data-id=\"7965271\" data-element_type=\"widget\" data-e-type=\"widget\" data-widget_type=\"text-editor.default\">\n\t\t\t\t\t\t\t\t\t<p>19 de julio 2025<\/p>\t\t\t\t\t\t\t\t<\/div>\n\t\t\t\t<\/div>\n\t\t\t\t\t<\/div>\n\t\t\t\t<\/div>\n\t\t<div class=\"elementor-element elementor-element-56d37b6 e-flex e-con-boxed e-con e-parent\" data-id=\"56d37b6\" data-element_type=\"container\" data-e-type=\"container\">\n\t\t\t\t\t<div class=\"e-con-inner\">\n\t\t<div class=\"elementor-element elementor-element-1e5fd5a e-con-full e-flex e-con e-child\" data-id=\"1e5fd5a\" data-element_type=\"container\" data-e-type=\"container\">\n\t\t\t\t<div class=\"elementor-element elementor-element-0bef768 elementor-widget elementor-widget-heading\" data-id=\"0bef768\" data-element_type=\"widget\" data-e-type=\"widget\" data-widget_type=\"heading.default\">\n\t\t\t\t\t<h2 class=\"elementor-heading-title elementor-size-default\">Horarios:<\/h2>\t\t\t\t<\/div>\n\t\t\t\t<div class=\"elementor-element elementor-element-b9311f5 elementor-widget elementor-widget-text-editor\" data-id=\"b9311f5\" data-element_type=\"widget\" data-e-type=\"widget\" data-widget_type=\"text-editor.default\">\n\t\t\t\t\t\t\t\t\t<p>09:00 a 12:00 hrs. (Hora Central M\u00e9xico)<\/p>\t\t\t\t\t\t\t\t<\/div>\n\t\t\t\t<div class=\"elementor-element elementor-element-8fc33e7 elementor-widget elementor-widget-spacer\" data-id=\"8fc33e7\" data-element_type=\"widget\" data-e-type=\"widget\" data-widget_type=\"spacer.default\">\n\t\t\t\t\t\t\t<div class=\"elementor-spacer\">\n\t\t\t<div class=\"elementor-spacer-inner\"><\/div>\n\t\t<\/div>\n\t\t\t\t\t\t<\/div>\n\t\t\t\t<div class=\"elementor-element elementor-element-f4187b8 elementor-widget elementor-widget-heading\" data-id=\"f4187b8\" data-element_type=\"widget\" data-e-type=\"widget\" data-widget_type=\"heading.default\">\n\t\t\t\t\t<h2 class=\"elementor-heading-title elementor-size-default\">Objetivo:<\/h2>\t\t\t\t<\/div>\n\t\t\t\t<div class=\"elementor-element elementor-element-b2ebf39 elementor-widget elementor-widget-text-editor\" data-id=\"b2ebf39\" data-element_type=\"widget\" data-e-type=\"widget\" data-widget_type=\"text-editor.default\">\n\t\t\t\t\t\t\t\t\t<ul><li><strong>Implementaci\u00f3n de principios Montessori en la vida diaria<\/strong>: Se exploran estrategias para aplicar la metodolog\u00eda Montessori en el hogar y en la crianza.<\/li><li><strong>Fomento de la independencia y la responsabilidad<\/strong>: Se discuten pr\u00e1cticas que ayudan a los ni\u00f1os a tomar decisiones aut\u00f3nomas y asumir responsabilidades.<\/li><li><strong>Desarrollo de la autoestima y el car\u00e1cter<\/strong>: A trav\u00e9s de la reflexi\u00f3n y el intercambio de experiencias, se fortalecen la confianza y la identidad de los ni\u00f1os.<\/li><li><strong>Construcci\u00f3n de la voluntad y la obediencia consciente<\/strong>: Se analiza c\u00f3mo la libre elecci\u00f3n y el autocontrol contribuyen a una obediencia basada en la comprensi\u00f3n, no en la imposici\u00f3n.<\/li><\/ul><p>Las <strong>reuniones mensuales matutinas<\/strong>, tanto virtuales como presenciales, son una excelente oportunidad para fortalecer la pr\u00e1ctica Montessori y establecer un <strong>ambiente de desarrollo arm\u00f3nico<\/strong>.<\/p><p>Estas sesiones permiten a educadores, padres y profesionales compartir experiencias, discutir estrategias y profundizar en los <strong>principios Montessori<\/strong> aplicados a la vida cotidiana.<\/p><p><!-- notionvc: 36aa9a8d-1153-424e-8e22-bc3b505dff8e --><\/p>\t\t\t\t\t\t\t\t<\/div>\n\t\t\t\t<div class=\"elementor-element elementor-element-a57b0fc elementor-widget elementor-widget-spacer\" data-id=\"a57b0fc\" data-element_type=\"widget\" data-e-type=\"widget\" data-widget_type=\"spacer.default\">\n\t\t\t\t\t\t\t<div class=\"elementor-spacer\">\n\t\t\t<div class=\"elementor-spacer-inner\"><\/div>\n\t\t<\/div>\n\t\t\t\t\t\t<\/div>\n\t\t\t\t<div class=\"elementor-element elementor-element-271c946 elementor-widget elementor-widget-heading\" data-id=\"271c946\" data-element_type=\"widget\" data-e-type=\"widget\" data-widget_type=\"heading.default\">\n\t\t\t\t\t<h2 class=\"elementor-heading-title elementor-size-default\">Beneficios de las reuniones Montessori:<\/h2>\t\t\t\t<\/div>\n\t\t\t\t<div class=\"elementor-element elementor-element-a658284 elementor-widget elementor-widget-text-editor\" data-id=\"a658284\" data-element_type=\"widget\" data-e-type=\"widget\" data-widget_type=\"text-editor.default\">\n\t\t\t\t\t\t\t\t\t<ul><li><strong>Intercambio de ideas y experiencias<\/strong>: Se generan espacios de reflexi\u00f3n sobre la implementaci\u00f3n del m\u00e9todo Montessori en distintos entornos.<\/li><li><strong>Alternativas pr\u00e1cticas<\/strong>: Se presentan estrategias concretas para fomentar la independencia, el orden y la responsabilidad en los ni\u00f1os.<\/li><li><strong>Acceso a especialistas Montessori<\/strong>: Profesionales capacitados gu\u00edan las discusiones y ofrecen asesoramiento sobre la aplicaci\u00f3n de los principios Montessori.<\/li><li><strong>Flexibilidad de participaci\u00f3n<\/strong>: Al contar con opciones virtuales y presenciales, m\u00e1s personas pueden beneficiarse de estos encuentros<\/li><\/ul><p>Este espacio de confianza permite a los adultos compartir inquietudes, aprender de expertos y descubrir c\u00f3mo el enfoque Montessori puede enriquecer la educaci\u00f3n y el desarrollo infantil.<\/p><p><!-- notionvc: 9de5b0d5-9d76-4eff-8525-71603ee85eaa --><\/p>\t\t\t\t\t\t\t\t<\/div>\n\t\t\t\t<div class=\"elementor-element elementor-element-85e3400 elementor-widget elementor-widget-spacer\" data-id=\"85e3400\" data-element_type=\"widget\" data-e-type=\"widget\" data-widget_type=\"spacer.default\">\n\t\t\t\t\t\t\t<div class=\"elementor-spacer\">\n\t\t\t<div class=\"elementor-spacer-inner\"><\/div>\n\t\t<\/div>\n\t\t\t\t\t\t<\/div>\n\t\t\t\t<div class=\"elementor-element elementor-element-7c89b0b elementor-hidden-desktop elementor-hidden-tablet elementor-hidden-mobile elementor-widget elementor-widget-heading\" data-id=\"7c89b0b\" data-element_type=\"widget\" data-e-type=\"widget\" data-widget_type=\"heading.default\">\n\t\t\t\t\t<h2 class=\"elementor-heading-title elementor-size-default\">Requisitos:<\/h2>\t\t\t\t<\/div>\n\t\t\t\t<div class=\"elementor-element elementor-element-81d208f elementor-hidden-desktop elementor-hidden-tablet elementor-hidden-mobile elementor-widget elementor-widget-text-editor\" data-id=\"81d208f\" data-element_type=\"widget\" data-e-type=\"widget\" data-widget_type=\"text-editor.default\">\n\t\t\t\t\t\t\t\t\t<p>Licenciatura en cualquier disciplina y en excepci\u00f3n, personas mayores de 18 a\u00f1os.<\/p><ol><li>Solicitar los datos bancarios y realizar el dep\u00f3sito o transferencia.<\/li><li>Solicitar formato de inscripci\u00f3n.<\/li><li>Una vez se tenga el comprobante de pago, se env\u00eda al correo de <a href=\"mailto:administracion@montessoripaolini.com\">administracion@montessoripaolini.com<\/a> junto con el formato de inscripci\u00f3n completado.<\/li><\/ol><p><!-- notionvc: d23ad729-7254-4bfa-a646-ddfeb517a492 --><\/p>\t\t\t\t\t\t\t\t<\/div>\n\t\t\t\t<div class=\"elementor-element elementor-element-b4b53a9 elementor-widget elementor-widget-spacer\" data-id=\"b4b53a9\" data-element_type=\"widget\" data-e-type=\"widget\" data-widget_type=\"spacer.default\">\n\t\t\t\t\t\t\t<div class=\"elementor-spacer\">\n\t\t\t<div class=\"elementor-spacer-inner\"><\/div>\n\t\t<\/div>\n\t\t\t\t\t\t<\/div>\n\t\t\t\t<div class=\"elementor-element elementor-element-3e58881 elementor-widget elementor-widget-button\" data-id=\"3e58881\" data-element_type=\"widget\" data-e-type=\"widget\" data-widget_type=\"button.default\">\n\t\t\t\t\t\t\t\t\t\t<a class=\"elementor-button elementor-button-link elementor-size-sm\" href=\"https:\/\/institutopaolini.mx\/index.php\/registro-compra-curso\/\">\n\t\t\t\t\t\t<span class=\"elementor-button-content-wrapper\">\n\t\t\t\t\t\t\t\t\t<span class=\"elementor-button-text\">Informes<\/span>\n\t\t\t\t\t<\/span>\n\t\t\t\t\t<\/a>\n\t\t\t\t\t\t\t\t<\/div>\n\t\t\t\t<\/div>\n\t\t<div class=\"elementor-element elementor-element-319b057 e-con-full e-flex e-con e-child\" data-id=\"319b057\" data-element_type=\"container\" data-e-type=\"container\">\n\t\t\t\t<\/div>\n\t\t\t\t\t<\/div>\n\t\t\t\t<\/div>\n\t\t\t\t<\/div>\n\t\t","protected":false},"excerpt":{"rendered":"<p>TALLER Educaf\u00e9 Costo de $750 MXN El taller puede ser virtual o presencial 12 de febrero 202612 de marzo 2026Horario 9:00 a 12:00 horas (hora central M\u00e9xico) TALLER Educaf\u00e9 El taller puede ser virtual o presencial 12 de febrero 202612 de marzo 2026Horario 9:00 a 12:00 horas (hora central M\u00e9xico) Costo de $750 MXN Imparte&hellip;<\/p>\n","protected":false},"author":1,"featured_media":0,"parent":0,"menu_order":12,"comment_status":"closed","ping_status":"closed","template":"elementor_header_footer","meta":{"footnotes":""},"class_list":["post-55185","page","type-page","status-publish","hentry"],"_links":{"self":[{"href":"https:\/\/institutopaolini.mx\/index.php\/wp-json\/wp\/v2\/pages\/55185","targetHints":{"allow":["GET"]}}],"collection":[{"href":"https:\/\/institutopaolini.mx\/index.php\/wp-json\/wp\/v2\/pages"}],"about":[{"href":"https:\/\/institutopaolini.mx\/index.php\/wp-json\/wp\/v2\/types\/page"}],"author":[{"embeddable":true,"href":"https:\/\/institutopaolini.mx\/index.php\/wp-json\/wp\/v2\/users\/1"}],"replies":[{"embeddable":true,"href":"https:\/\/institutopaolini.mx\/index.php\/wp-json\/wp\/v2\/comments?post=55185"}],"version-history":[{"count":64,"href":"https:\/\/institutopaolini.mx\/index.php\/wp-json\/wp\/v2\/pages\/55185\/revisions"}],"predecessor-version":[{"id":56093,"href":"https:\/\/institutopaolini.mx\/index.php\/wp-json\/wp\/v2\/pages\/55185\/revisions\/56093"}],"wp:attachment":[{"href":"https:\/\/institutopaolini.mx\/index.php\/wp-json\/wp\/v2\/media?parent=55185"}],"curies":[{"name":"wp","href":"https:\/\/api.w.org\/{rel}","templated":true}]}}